hat is the units digit of o?
9
Let w(p) = -114*p + 9. What is the units digit of w(-9)?
5
Suppose -13 = -q - x - x, 24 = 2*q + 2*x. Let g(f) be the first derivative of -f**4/4 + 10*f**3/3 + 15*f**2/2 - 7*f - 56. What is the units digit of g(q)?
7
What is the tens digit of ((-115170)/(-264))/(10/48)?
9
Suppose -27069 - 9366 = -15*q. What is the tens digit of q?
2
Suppose -1889 + 7138 = 3*k + 4*x, 3504 = 2*k - 2*x. What is the tens digit of k?
5
Let q(l) = 11*l - 34. Let c be q(-20). Let m = c - -459. What is the units digit of m?
5
Suppose -80 = -0*t + 5*t. Let i = 70 + t. What is the tens digit of i?
5
Let d = -1826 - -3225. What is the tens digit of d?
9
Let z = 41 - 37. Suppose -2*u - w - 2 = -9, -z*u - 3*w = -19. What is the units digit of u?
1
Let r = -76 + 82. Suppose 0 = -r*k + 11*k - 1120. What is the hundreds digit of k?
2
Let g be (11/(-3))/((-188)/63 - -3). Let a = -123 - g. What is the units digit of a?
8
Let n(l) be the second derivative of -25*l**3/2 - l. Let p be n(-1). Suppose 0*c - p = -3*c. What is the units digit of c?
5
Let r = -433 + 760. Suppose 5*z + y = r, 4*z + z = -2*y + 324. What is the tens digit of z?
6
Let w be -9 - -13 - (-58 - -1). Suppose w*f = 60*f + 61. What is the units digit of f?
1
Let c(f) = 5*f**2 - 6*f + 20. What is the units digit of c(10)?
0
Let n(g) = -g**3 + 16*g**2 + 12*g + 22. What is the thousands digit of n(-7)?
1
Suppose 6*x = 3*x + 15. Let q = x - -33. What is the tens digit of q?
3
Let n = 688 - 485. What is the hundreds digit of n?
2
Let g = -432 + 306. What is the hundreds digit of ((-124)/3)/(7/(g/4))?
1
Suppose -2*a + 4*w - 2*w + 10 = 0, 2*w + 10 = a. Suppose a = 3*n - 15. What is the units digit of n?
5
Let c(j) = -j - 4. Let t(f) = f + 5. Let l(z) = -4*c(z) - 3*t(z). Let s be l(-1). Let d = s - -5. What is the units digit of d?
5
Let q(y) = 5*y**2 - 2*y - 7. Suppose -z - 9 = -3*x, z + 3 + 10 = 4*x. What is the units digit of q(x)?
5
Suppose 4*y - 1989 = -5*g, 5*g + 7*y - 1987 = 5*y. What is the tens digit of g?
9
Let z = 28 + -8. What is the tens digit of (-1 + 147/(-12))*z/(-5)?
5
Suppose 3*h + 2200 = -h. Let q = -290 - h. What is the hundreds digit of q?
2
Suppose 0 = -4*m + y + 15480, -4*m + 21*y + 15484 = 19*y. What is the tens digit of m?
6
Suppose 4*a - 4*f - 91 - 357 = 0, 3*a = 5*f + 332. Suppose -4*r - i + 240 = -a, 5*r = -5*i + 450. What is the units digit of r?
8
Suppose -2*x + 7*x + 4 = -4*g, -3*g + 24 = -3*x. Suppose -130 - 150 = -g*r. Suppose -r = -2*n - 18. What is the units digit of n?
6
Let t(z) = 6*z**2 - 4*z + 1122. What is the tens digit of t(0)?
2
Suppose 3*d + 13 = 5*o, -2*o + 3 = -d - 3. Suppose d*f + 12 = 244. What is the units digit of f?
8
Let f(t) = t**2 + 45*t - 102. What is the hundreds digit of f(18)?
0
Let u = 291 - 661. What is the hundreds digit of u*(15/(-10))/(3 + 0)?
1
Let j = 55 - 58. What is the tens digit of ((-4)/j)/((-7)/(-420))?
8
Suppose 0 = 55*m - 137307 + 12622. What is the hundreds digit of m?
2
What is the tens digit of 12/9 + 6944/12?
8
Let j(t) = -t**2 - 5*t - 3. Let w be j(-3). Let h be w + (0 - 2)*2. What is the units digit of (-23)/(-2 - h - 0)?
3
Let d(y) = -2 + y + 2*y - y**3 + 2*y + 10*y**2 - y. What is the tens digit of d(10)?
3
Suppose 0*f + 11*f = 814. Suppose 0 = -5*a + 4*a - 5*g + 50, 0 = a - 3*g - f. What is the tens digit of a?
6
Let o be ((-10)/6)/((-3)/9). Let y(t) be the first derivative of -t**4/4 + 5*t**3/3 + t**2 - 5*t + 3. What is the units digit of y(o)?
5
Let v be (-1 - 410/(-2))/(-1). Let j = 330 + v. What is the hundreds digit of j?
1
Let q(l) = 33*l**3 - l**2 + 2*l - 1. Suppose 4*o - 8 = -4. What is the tens digit of q(o)?
3
Let h = -712 + 1139. What is the tens digit of h?
2
Let u(q) = -28*q + 531. What is the thousands digit of u(-47)?
1
Let f(l) = 2*l**3 + 20*l**2 + 2*l + 7. Let w be f(-10). What is the units digit of w*-12*1 + 4?
0
Suppose -2*x - 49*o + 48*o = -3275, 2*x + 4*o = 3260. What is the tens digit of x?
4
Let r(y) = -66*y + 263. What is the tens digit of r(-12)?
5
Let r(a) = -20*a**2 + 2*a + 1. Let p be 1 - (0 + (-12)/(-4)). Let s be r(p). Let y = -47 - s. What is the tens digit of y?
3
Let p = -15 + 18. Suppose -5*t + p = h, 2 = -3*h - 4. What is the units digit of t?
1
Let h be ((-12)/18)/(1 - 22/24). What is the units digit of (h - -11)*(-230)/(-6)?
5
Suppose 22997 = 98*d - 37*d. What is the hundreds digit of d?
3
Let o(g) = -8*g - 14 + 5 - 4*g**3 - 6*g + 11*g**2. Let i(u) = 9*u**3 - 21*u**2 + 29*u + 18. Let q(a) = 3*i(a) + 7*o(a). What is the tens digit of q(13)?
1
Suppose 197 + 86 = z. What is the hundreds digit of z?
2
What is the thousands digit of 1171 - (6/9)/((-36)/270)?
1
Let a = 8 + -1. Suppose 0 = -2*g + 4*n + 172, -2*g + 2*n = -205 + 23. Suppose -g = 3*j - a*j. What is the tens digit of j?
2
Suppose 62*b + 24900 = 68*b. What is the tens digit of b?
5
Let x(l) = 10*l + 10. Let w(s) = -30*s - 29. Let m(v) = -3*w(v) - 8*x(v). What is the units digit of m(3)?
7
Let r(n) = 4464*n**2 + 8*n - 8. What is the hundreds digit of r(1)?
4
Let b = 6100 + -3181. What is the thousands digit of b?
2
Let m(o) = 8*o - 7. Let p be m(5). Suppose -69 = -3*v + p. What is the units digit of v?
4
Let p = 9 + -7. Suppose -113 = -p*z - 45. Suppose 5*a - f = 96, 4*a - z = 4*f + 30. What is the units digit of a?
0
Suppose -4*b = -1 - 11. Suppose b*m + m = 28. Let h(q) = q**3 - 5*q**2 - 6*q - 2. What is the units digit of h(m)?
4
Let x(h) = -h**3 - 10*h**2 - 13*h - 15. What is the tens digit of x(-13)?
6
Let w(r) = -29*r + 54*r - 29*r - 7. What is the units digit of w(-3)?
5
Let a = 12 - 11. Suppose 0*r + a = -r - g, -2*g - 4 = r. Suppose 3*k = -r*k + 60. What is the units digit of k?
2
What is the tens digit of (-1233 - 3/3)/(17/(-51))?
0
Let r be 3/9 - 6/18. Suppose r = -g - g + 60. Suppose -v + g = 3*i - 2*i, 3*v - 82 = -5*i. What is the units digit of v?
4
Suppose -5*c - 244 = 3*t - c, -5*c = 5*t + 415. Let y be (16038/t)/(1/4). What is the units digit of y/(-15) + (-6)/10?
8
What is the tens digit of 32/(2 - 0)*725/20?
8
Let h = -465 + 1177. What is the units digit of h?
2
What is the tens digit of 2/1 - -14 - (4 + -2)?
1
Suppose 12 = 5*r - r. Suppose 0 = 2*i - b - 2*b - 15, 0 = -r*b - 9. Suppose 4*l - i*t - 180 = -l, 0 = 3*l + 5*t - 74. What is the units digit of l?
3
Let j(h) = -h**3 - 7*h**2 - 5*h + 7. Let g(o) = -o**3 + 2*o**2 - 3*o. Let i be 8/(-6)*(-6)/4. Let n be g(i). What is the units digit of j(n)?
1
What is the units digit of (3270/(-75) + -10)*50/(-4)?
0
Let p(i) = 28*i**2 + 12*i. What is the hundreds digit of p(4)?
4
Suppose -4*y = -4*m + 244, -5*y - 59 - 230 = -m. Suppose -4*g - 114 = 5*l, 2*g - l - 18 = -68. Let k = g - y. What is the tens digit of k?
3
Let v(k) = 7 - k - 12 - 6*k**2 + 7*k + k**3. Let r be v(5). Suppose -y + 5*j - 23 = r, -y - y = -2*j + 6. What is the units digit of y?
2
Suppose 4*d + 3*u = u + 20, 3*d - 15 = 5*u. Suppose -3*j = -q - 153, -5*j + 244 = -d*q - 11. What is the tens digit of j?
5
Let t be 1*(-9)/3 - -3. Suppose -284 = -3*m - 2*m - 4*n, 3*m + 4*n - 172 = t. Let a = 120 - m. What is the tens digit of a?
6
Let i = -77 - -30. Let g = i - -71. What is the units digit of g?
4
Let h(u) = -u**3 - 12*u**2 + 122*u - 66. What is the units digit of h(-22)?
0
Suppose 3*s = -109 - 20. Let g be 2/(-1) - s - 3. Let x = g - 11. What is the units digit of x?
7
Let v(p) = 0 - 2 - 3*p + p**2 - 2*p + 4*p - 4. Let l = -7 + 2. What is the tens digit of v(l)?
2
Let b be (-2)/10 - (-1616)/80. Suppose 15*l + 125 = b*l. What is the tens digit of l?
2
Let n be (50/(-4))/(5/(-10)). Let b = n - 3. Let w = 42 - b. What is the tens digit of w?
2
Let q = 8 + -6. Suppose -2*w = -5*w + q*b + 358, 479 = 4*w - 3*b. What is the units digit of w?
6
Suppose 0 = 20*q - 11*q - 2187. What is the units digit of q?
3
Suppose -2*f + 586 = 3*f - 3*n, 0 = f - 2*n - 120. Suppose o + 71 = -3*i + 245, -5*o - f = -2*i. What is the units digit of i?
8
Suppose -12*m + 10 = -7*m. Suppose 3*g - 12 = 3*d - 2*g, -4 = 2*d - m*g. What is the units digit of d?
1
Let p(v) = -9*v**2 + 38 - v**3 - 77 + 41. What is the units digit of p(-9)?
2
Let n(y) = 13*y - 9. Let h = 48 - 45. What is the units digit of n(h)?
0
Suppose -4*p = 5*k - 6, -4*p + 2*p - 2*k + 4 = 0. Suppose -p*r = -r - 195. What is the units digit of r?
5
Let k =